
Let z(r) = -r**3 - 8*r**2 + 1030*r + 10075. Determine z(-10).
-25
Let m(c) = 7879*c - 250048. Give m(32).
2080
Let q(w) = 3*w**2 + 6688*w - 107778. Determine q(16).
-2
Let n(m) = 11*m**2 + 2252*m + 1444. Determine n(-204).
-188
Let q(k) = 2*k**3 - 87*k**2 + 726*k + 3012. What is q(-3)?
-3
Let k(g) = 9*g**3 - 5546*g**2 + 1448*g - 133065. What is k(616)?
-9
Let n(t) = 12*t**3 + 753*t**2 - 551*t - 22790. Determine n(-63).
16
Let n(c) = 111*c**2 - 5105*c + 6. What is n(46)?
52
Let p(b) = 4141*b + 41205. Determine p(-10).
-205
Let p(l) = -26274*l + 1261151. What is p(48)?
-1
Let y(q) = -56*q**2 - 580*q + 8. Give y(-10).
208
Let a(g) = 13*g**3 + 1029*g**2 + 155*g + 421. What is a(-79)?
658
Let a(w) = -3557*w**2 + 14124*w + 444. Give a(4).
28
Let d(o) = -2*o**3 - 393*o**2 + 994*o + 75. Give d(-199).
274
Let b(q) = -q**2 - 159*q + 625. What is b(4)?
-27
Let h(d) = d**2 - 86*d - 474. Calculate h(32).
-2202
Let b(x) = -365*x - 8538. Determine b(-22).
-508
Let l(p) = -52*p + 521. Calculate l(12).
-103
Let s(w) = -4697*w**2 - 18794*w - 5. Give s(-4).
19
Let x(m) = -8*m**3 - 26*m**2 - 59*m - 7. Determine x(-5).
638
Let f(k) = -2*k**3 + 301*k**2 - 192*k + 6262. Calculate f(150).
-38
Let a(y) = 440*y**2 + 10632*y + 1736. Determine a(-24).
8
Let q(i) = i**3 - 37*i**2 - 100*i + 5915. Give q(14).
7
Let d(f) = 1100*f + 21974. What is d(-20)?
-26
Let c(l) = -10753*l + 5010892. Give c(466).
-6
Let q(l) = 3*l**2 - 276*l + 2648. Determine q(0).
2648
Let s(i) = -2*i**2 - 223*i - 8878. What is s(-44)?
-2938
Let k(g) = -3*g**2 - 3373*g - 30109. Determine k(-9).
5
Let g(h) = h**3 + 39*h**2 - 2*h + 18. What is g(-39)?
96
Let a(h) = h**3 - 35*h**2 - 46*h + 206. What is a(36)?
-154
Let j(v) = -14631*v - 4169820. Determine j(-285).
15
Let q(m) = 48*m**2 + 52*m - 13. Calculate q(-2).
75
Let v(q) = 46717*q + 93417. Determine v(-2).
-17
Let g(d) = -664503*d - 4651557. What is g(-7)?
-36
Let o(l) = 2*l**2 - 10052*l + 140341. What is o(14)?
5
Let g(t) = 3*t**3 + 155*t**2 + 24*t - 480. What is g(-51)?
3498
Let g(z) = -66*z**2 + 2572*z + 19. Determine g(39).
-59
Let q(j) = -2*j**3 + 10*j**2 + 99*j - 17. Calculate q(11).
-380
Let h(f) = 20*f**3 + 6*f**2 - 191*f - 600. Determine h(-3).
-513
Let o(h) = h**2 - 14976*h + 299117. Calculate o(20).
-3
Let d(y) = 4*y**3 - 83*y**2 - 2432*y + 50632. Determine d(21).
1
Let m(q) = -q**2 - 37933*q + 1518819. Determine m(40).
-101
Let b(m) = 10576*m - 148061. Give b(14).
3
Let b(w) = w**3 - 2236*w**2 - 6069*w - 1450880. Give b(2239).
-8
Let w(k) = k**2 + 982*k - 30707. Give w(31).
696
Let i(o) = 18436*o + 2230757. Determine i(-121).
1
Let d(t) = 5*t**2 - 971*t - 164820. Calculate d(303).
12
Let o(a) = 4568*a - 141308. Give o(31).
300
Let o(b) = 5567*b - 33259. Calculate o(6).
143
Let m(x) = -4*x**3 - 1216*x**2 - 2*x - 592. Give m(-304).
16
Let s(m) = 2089*m - 26835. Give s(13).
322
Let h(g) = -7196*g - 14426. Calculate h(-2).
-34
Let a(v) = -7090*v - 68. What is a(0)?
-68
Let f(w) = -32281*w + 645611. Calculate f(20).
-9
Let l(g) = -g**3 - 16*g**2 - 684*g - 11771. Give l(-17).
146
Let x(u) = 167112*u + 2673788. What is x(-16)?
-4
Let v(i) = 491*i**2 + 11305*i + 271. What is v(-23)?
-5
Let x(v) = -266*v + 101353. Give x(381).
7
Let o(m) = -m**3 + 33*m**2 - 162*m - 287. What is o(26)?
233
Let l(k) = -3172*k - 6354. Give l(-2).
-10
Let q(l) = -276*l**2 - 106803*l + 3503. What is q(-387)?
20
Let y(z) = -z**3 - 7*z**2 + 109*z + 520. Determine y(-4).
36
Let s(t) = -64*t**3 + 2720*t + 2721. Calculate s(-1).
65
Let g(a) = 2203*a + 60624. Give g(-28).
-1060
Let s(g) = 2*g**3 - 222*g**2 + 419*g - 132. What is s(109)?
-1985
Let n(d) = -1726*d + 86182. Give n(50).
-118
Let p(b) = -546*b + 14183. What is p(26)?
-13
Let k(h) = 32*h**2 + 1474*h - 16. Calculate k(-46).
-108
Let s(p) = -108*p - 606. Determine s(-9).
366
Let l(x) = -7993*x + 32573. Calculate l(4).
601
Let k(w) = -626*w - 281378. Calculate k(-450).
322
Let a(o) = -3*o**3 - 116*o**2 - 152*o + 1218. Give a(-37).
-3
Let z(h) = 614*h + 325453. Determine z(-530).
33
Let g(d) = -4*d**2 - 4125*d - 28803. Give g(-7).
-124
Let i(m) = 6*m**2 - 1398*m - 6990. What is i(-5)?
150
Let s(t) = -4680*t - 251974. What is s(-54)?
746
Let h(o) = -3912*o + 82045. Determine h(21).
-107
Let a(b) = -4*b**3 + 1921*b**2 - 17423*b - 1880. What is a(471)?
4
Let u(m) = m**3 + 45*m**2 + 380*m + 12640. Give u(-43).
-2
Let d(r) = -385*r**3 - 103*r**2 - 101*r + 2. What is d(-1)?
385
Let m(o) = -o**3 + 1144*o**2 + 4468*o + 142346. What is m(1148)?
-6
Let s(y) = -1084*y - 110586. Calculate s(-102).
-18
Let s(d) = -2*d**3 - 222*d**2 - 250*d - 3435. Give s(-110).
-135
Let o(u) = -u**3 - 1643*u**2 - 59398*u + 38550. What is o(-1606)?
6
Let p(t) = -1778*t**2 - 25*t + 4. Give p(0).
4
Let v(i) = -22932*i - 17474201. Give v(-762).
-17
Let s(c) = -7*c**3 + 1389*c**2 - 16137*c - 8376. Give s(186).
-6
Let m(p) = -3*p**3 + 34*p**2 - 2*p + 177. Calculate m(12).
-135
Let h(j) = -8570*j - 368506. Calculate h(-43).
4
Let x(b) = 27*b**2 + 468*b - 2589. Calculate x(5).
426
Let f(x) = 2*x**3 - 116*x**2 + 427*x - 24776. Calculate f(58).
-10
Let v(i) = 1372*i - 311461. Determine v(227).
-17
Let o(c) = -c**2 - 660*c + 55927. Determine o(76).
-9
Let g(r) = -2*r**2 + 13531*r - 215987. What is g(16)?
-3
Let j(a) = -202*a + 21422. Give j(107).
-192
Let r(g) = 2*g**2 - 1752*g - 516788. Determine r(1109).
6
Let j(x) = -7*x**2 - 3305*x - 19581. What is j(-6)?
-3
Let k(f) = 1935*f + 18538. Determine k(-7).
4993
Let y(q) = -q**2 - 153303*q - 3372195. Determine y(-22).
-13
Let i(c) = c**2 + 420*c + 27951. Give i(-83).
-20
Let h(i) = 105*i**3 - i**2 - 13*i + 63. Determine h(0).
63
Let w(k) = -9*k**3 + 558*k**2 + 4457*k - 276337. What is w(62)?
-3
Let g(u) = -3122*u - 3453. What is g(-1)?
-331
Let g(n) = -31*n**2 - 62*n + 103. Calculate g(1).
10
Let o(z) = 1761*z - 15768. Calculate o(9).
81
Let g(i) = 9*i**2 - 1995*i + 27899. Give g(15).
-1
Let p(r) = -75*r**2 - 12672*r - 12096. What is p(-168)?
0
Let h(y) = 50*y**2 - 2746*y + 1066. Calculate h(55).
1286
Let o(l) = -50*l**3 + 349*l**2 - 29*l + 174. Determine o(7).
-78
Let u(d) = 2*d**3 + 37*d**2 - 269*d - 5607. Calculate u(-15).
3
Let b(w) = 3*w**3 + 103*w**2 + 530*w - 49. What is b(-28)?
7
Let c(u) = -4389*u - 109557. Determine c(-25).
168
Let l(q) = 3*q**2 + 473*q + 10205. What is l(-26)?
-65
Let z(p) = 19*p**2 - 45*p - 326. Give z(-5).
374
Let k(a) = 2*a**2 + 1084*a - 4397. Determine k(4).
-29
Let f(j) = -j**2 - 649*j - 20295. Give f(-33).
33
Let b(p) = -p**2 + 688*p + 172510. Give b(-195).
325
Let l(t) = -t**2 - 41277*t + 1073875. What is l(26)?
-3
Let s(p) = 20205*p - 101017. Calculate s(5).
8
Let f(g) = -g**3 + 10*g**2 + 187*g + 1174. Determine f(-7).
698
Let h(v) = -38*v**2 - 248*v + 1003. Determine h(4).
-597
Let m(c) = -c**2 - 83*c - 515. Determine m(-63).
745
Let m(l) = -329*l**2 + 19410*l - 12. What is m(59)?
-71
Let v(l) = -26*l**2 + 5626*l - 16653. Calculate v(3).
-9
Let j(y) = -y**3 - 153*y**2 + 636*y + 624. Determine j(5).
-146
Let z(g) = -g**3 + 83*g**2 - 149*g - 26. What is z(2)?
0
Let b(u) = -25*u**2 - 937*u + 22341. Give b(-54).
39
Let b(k) = -2*k**3 + 71*k**2 + 89*k + 877. Give b(37).
63
Let n(j) = 2*j**3 - 228*j**2 + 1018*j + 350. What is n(5)?
-10
Let y(r) = 12*r**2 + 6*r - 8. What is y(1)?
10
Let k(u) = 86916*u - 1912121. What is k(22)?
31
Let d(k) = 1472*k - 43630. Give d(30).
530
Let b(m) = -m**3 - 109*m**2 + 6932*m + 330. Determine b(-154).
22
Let b(a) = -726937*a + 16719543. What is b(23)?
-8
Let u(q) = 180*q**3 - 43*q**2 - 3*q - 1. What is u(-1)?
-221
Let x(l) = -l**3 + 139*l**2 - 510*l - 38298. Give x(133).
6
Let z(r) = 2*r**2 - 261*r + 4873. What is z(24)?
-239
Let i(y) = 2*y**3 - 22*y**2 - 53*y - 43. What is i(-4)?
-311
Let j(s) = -15*s**3 + 47*s**2 + 104*s + 17. Calculate j(-2).
117
Let j(s) = -9185*s + 293912. Give j(32).
-8
Let y(i) = -18785*i + 1596723. What is y(85)?
-2
Let b(n) = -28*n**3 + 27*n**2 - 18*n + 5. Give b(5).
-2910
Let o(t) = 20518*t - 533472. Calculate o(26).
-4
Let m(p) = 13*p**2 - 3036*p + 19339. Determine m(227).
44
Let v(w) = -21274*w + 85102. What is v(4)?
6
Let u(i) = -15*i - 85. What is u(7)?
-190
Let o(m) = -1658*m - 49971. Give o(-30).
-231
Let m(s) = -7*s**3 + 310*s**2 - 21*s + 112. Determine m(44).
3060
Let t(w) = -912*w + 125134. Give t(137).
190
